 i(x) = -539*x + 532. Give i(1).
-7
Let y(i) = -3*i**2 + 248*i + 860. Give y(86).
0
Let a(u) = -u**2 - 31*u - 208. What is a(-18)?
26
Let z(v) = 3*v**3 + 8*v**2 + 23*v + 7. Determine z(-2).
-31
Let b(n) = -n**3 + 6*n**2 + 3*n - 13. Calculate b(7).
-41
Let n(i) = i**2 + 77*i + 212. Calculate n(-3).
-10
Let x(o) = -2*o**3 - 5*o + 13. Give x(-4).
161
Let b(c) = 5*c**2 - c - 1. What is b(-10)?
509
Let b(j) = -j**3 - 11*j**2 + 50*j + 86. Calculate b(-14).
-26
Let z(r) = 12*r - 123. Determine z(8).
-27
Let b(c) = c + 124. What is b(0)?
124
Let w(r) = -r**3 - 21*r**2 - 24*r - 29. Give w(-20).
51
Let q(m) = 38333*m - 76671. What is q(2)?
-5
Let a(r) = r + 32. Calculate a(-38).
-6
Let x(g) = 3*g**2 + 2*g - 153. What is x(10)?
167
Let v(w) = -w**2 - 23*w - 22. Calculate v(-23).
-22
Let c(v) = -7368*v + 2. Determine c(0).
2
Let o(n) = -n**3 + 38*n**2 + 83*n - 85. Calculate o(40).
35
Let h(p) = p**3 - 15*p**2 + 73*p - 442. Give h(12).
2
Let z(v) = -4*v + 225. Determine z(13).
173
Let o(n) = 153*n + 899. Give o(-5).
134
Let y(c) = 6*c**2 - 88*c + 88. Calculate y(15).
118
Let q(p) = p**3 + 20*p**2 + 704*p + 14086. Determine q(-20).
6
Let d(k) = k**3 - 35*k**2 - k - 127. Determine d(35).
-162
Let u(a) = -5*a**3 + 8*a**2 + 9*a - 18. Calculate u(3).
-54
Let a(w) = -w**3 - 20*w**2 + 142*w + 2165. Calculate a(-22).
9
Let j(w) = w**2 + 37*w - 159. Calculate j(4).
5
Let l(n) = -19*n**2 - 893*n - 9. What is l(-47)?
-9
Let j(a) = 6*a**2 + 39*a + 68. Calculate j(-2).
14
Let i(j) = 2*j**3 + 52*j**2 - 94*j - 65. What is i(-28)?
-569
Let d(k) = k**3 - 13*k**2 + 51*k - 217. Calculate d(10).
-7
Let b(r) = r**3 - 9*r**2 - 28*r + 294. Calculate b(8).
6
Let z(t) = 58*t - 365. Determine z(10).
215
Let a(f) = 3*f**3 - 61*f**2 + 15*f - 47. Determine a(20).
-147
Let q(m) = m**3 - 14*m**2 - 40*m + 133. Give q(16).
5
Let g(n) = n**3 - 27*n**2 + 202*n - 18. Calculate g(14).
262
Let y(m) = -22557*m - 8. Give y(0).
-8
Let x(h) = 12*h + 96. What is x(-7)?
12
Let t(s) = -s**3 - 35*s**2 - 31*s + 97. Give t(-34).
-5
Let w(r) = 3*r**3 + 91*r**2 + 556*r + 128. Determine w(-22).
-4
Let l(c) = 32*c + 1725. What is l(-54)?
-3
Let m(t) = 2440*t + 61006. Determine m(-25).
6
Let p(a) = -2*a**2 - 14*a + 136. Give p(-13).
-20
Let n(t) = 322*t + 6420. Give n(-20).
-20
Let f(y) = 57*y**2 + y + 5. Calculate f(1).
63
Let x(h) = -h**3 + 10*h**2 + 876*h + 19. Determine x(-25).
-6
Let l(v) = 435*v**3 + 3*v**2 + 9*v + 7. What is l(-1)?
-434
Let j(h) = 156*h - 362. Determine j(5).
418
Let h(z) = z**3 + 24*z**2 - 182*z - 27. Calculate h(-30).
33
Let q(b) = 3*b**3 + 224*b**2 + 4*b + 5931. Determine q(-75).
6
Let x(r) = -r**2 + 31*r + 416. Determine x(41).
6
Let b(m) = 57*m - 144. What is b(4)?
84
Let b(c) = 577*c + 4040. Determine b(-7).
1
Let t(q) = -2*q**2 + 26*q + 407. Give t(22).
11
Let r(d) = 42*d + 2314. Determine r(-55).
4
Let z(b) = 176*b + 605. Determine z(-2).
253
Let b(w) = -23*w**2 - 52*w + 152. Give b(5).
-683
Let u(s) = 5*s**2 - 9*s + 74. What is u(10)?
484
Let p(h) = h**3 + 12*h**2 - 8*h + 271. Determine p(-14).
-9
Let k(d) = -2*d**2 - 29*d + 122. What is k(6)?
-124
Let a(i) = -i**3 + 105*i**2 + 209*i + 537. Give a(107).
2
Let g(z) = -42*z**2 + 4*z + 9. Determine g(-2).
-167
Let y(v) = 39*v**2 - 25*v + 41. Calculate y(2).
147
Let z(u) = -6*u**2 - 70*u + 11. Give z(-15).
-289
Let h(z) = 172*z - 4651. Calculate h(27).
-7
Let o(f) = 9*f**2 - 2104*f + 4179. What is o(2)?
7
Let s(d) = -2*d**2 - 7*d + 199. Calculate s(11).
-120
Let a(u) = -7*u**2 - 322*u + 7. Calculate a(-46).
7
Let b(j) = -472*j - 3297. Determine b(-7).
7
Let w(n) = -n**2 - 25*n + 26. What is w(1)?
0
Let l(w) = 268*w - 2677. Calculate l(10).
3
Let s(i) = 17*i + 355. Give s(-15).
100
Let g(t) = 3*t**2 + 171*t + 156. Calculate g(-56).
-12
Let j(s) = -40*s - 5636. Give j(-140).
-36
Let m(s) = s**2 - 3*s - 53. Calculate m(-13).
155
Let i(y) = 44*y - 55. Determine i(-2).
-143
Let x(t) = t**2 - 18*t + 92. Give x(6).
20
Let r(i) = 140*i - 654. Determine r(4).
-94
Let j(l) = -83*l + 3581. Calculate j(43).
12
Let g(b) = b**3 + b**2 - 13*b - 6. Calculate g(-4).
-2
Let l(x) = 3*x - 135. Calculate l(41).
-12
Let z(v) = 49*v - 171. What is z(5)?
74
Let i(w) = -w**2 + 293*w + 8178. What is i(-26)?
-116
Let j(b) = 10*b**3 - 43*b**2 + 25*b - 43. Give j(4).
9
Let f(n) = -n**3 + 5*n**2 + 150*n - 434. Calculate f(3).
34
Let j(g) = -g**3 - 16*g**2 - 33*g - 65. Calculate j(-14).
5
Let d(b) = -10*b - 130. Give d(-23).
100
Let w(j) = -5*j - 16. Calculate w(4).
-36
Let s(z) = -15*z + 54. Calculate s(-8).
174
Let f(w) = w**3 - 38*w**2 - 169*w + 25. What is f(42)?
-17
Let s(w) = 6*w**2 - 73*w + 24. Calculate s(11).
-53
Let y(g) = -19*g**2 - 195*g + 1188. Determine y(6).
-666
Let l(m) = -m**2 - 18*m + 331. Calculate l(0).
331
Let c(q) = q**3 + 2*q**2 - 10*q - 12. Determine c(-4).
-4
Let m(f) = 12*f**3 + 2*f**2 - f + 2. Give m(1).
15
Let t(s) = s**3 + 40*s**2 + 146*s - 28. What is t(-36)?
-100
Let y(p) = 17*p**3 - 3*p**2 + 5*p - 3. Determine y(1).
16
Let z(k) = k**3 - 48*k**2 + 539*k - 38. Determine z(17).
166
Let d(z) = 71*z - 3620. Determine d(51).
1
Let z(t) = t**3 + t**2 - 44*t - 34. Calculate z(6).
-46
Let a(t) = -19*t**3 - 16*t**2 - 15*t + 2. Determine a(-1).
20
Let w(o) = -2020*o + 16153. Determine w(8).
-7
Let t(v) = -v**3 - 14*v**2 - 7*v - 214. Give t(-14).
-116
Let k(w) = -913*w - 843. Determine k(-1).
70
Let m(n) = 319*n - 32874. Determine m(103).
-17
Let o(m) = -m**3 - 8*m**2 + 57*m + 29. Determine o(4).
65
Let y(i) = -i**3 - 69*i**2 - 201*i - 206. What is y(-66)?
-8
Let q(j) = -1872*j - 9357. Give q(-5).
3
Let v(q) = -51*q - 3635. Give v(-72).
37
Let t(o) = o**3 - 22*o**2 + 35*o - 52. Calculate t(21).
242
Let r(f) = 4*f**3 - 5*f**2 + 5*f - 4. What is r(2)?
18
Let u(b) = -b**3 - 22*b**2 - 101*b + 65. What is u(-15)?
5
Let g(j) = -j**3 + 4*j**2 - 2*j + 19. Calculate g(0).
19
Let v(d) = 7*d**2 - 193*d + 100. Give v(27).
-8
Let o(n) = -424*n - 2537. Calculate o(-6).
7
Let t(c) = -3*c**2 + 36. Calculate t(0).
36
Let r(u) = u**3 + 16*u**2 + 19*u - 27. Give r(-12).
321
Let h(w) = 107*w**2 - 859*w - 3. What is h(8)?
-27
Let d(s) = -898*s - 4494. Determine d(-5).
-4
Let t(q) = 65*q**2 + 30*q - 4. Calculate t(1).
91
Let b(w) = 2*w**3 - 25*w**2 - 158*w + 109. Determine b(17).
24
Let v(b) = 3*b**2 + 111*b - 125. What is v(-39)?
109
Let a(s) = -s**3 + 10*s**2 - 12*s - 13. Calculate a(9).
-40
Let z(j) = j**2 + 13*j - 138. What is z(5)?
-48
Let n(c) = -c**3 - 7*c**2 + 30*c + 16. Determine n(-10).
16
Let a(r) = -11074*r + 1. Calculate a(0).
1
Let g(q) = q**2 - 29*q - 7. Give g(5).
-127
Let k(z) = -2*z**2 + 34*z + 130. What is k(-5)?
-90
Let k(i) = 43*i + 47. Calculate k(-1).
4
Let u(m) = -6*m**2 + 43*m + 93. Calculate u(9).
-6
Let t(i) = -690*i + 2750. Calculate t(4).
-10
Let n(a) = a**3 + 11*a**2 + 26*a - 8. Calculate n(-8).
-24
Let u(k) = 119*k + 4276. Give u(-36).
-8
Let c(a) = -a**2 + 66*a + 660. Calculate c(76).
-100
Let w(s) = 4*s**3 - 2*s**2 - 6*s - 3. Calculate w(-2).
-31
Let z(j) = -25*j - 1680. What is z(-75)?
195
Let r(a) = -a**3 + 16*a**2 - 6*a + 82. Give r(16).
-14
Let r(w) = -318*w - 4186. Determine r(-13).
-52
Let s(t) = -3*t**2 + 1057*t - 7358. What is s(7)?
-106
Let l(y) = 1092*y - 239. Determine l(1).
853
Let k(n) = 6*n**2 - 126*n - 11. Determine k(24).
421
Let v(i) = -2*i**3 - 15*i**2 + i - 49. Determine v(-8).
7
Let r(q) = 2*q**2 - 45*q - 328. Give r(27).
-85
Let c(b) = 627*b + 32610. Determine c(-52).
6
Let x(d) = -43*d - 1430. Determine x(-33).
-11
Let b(s) = -20*s**2 + 1078*s + 2164. Give b(-2).
-72
Let m(v) = -36*v**2 - 91*v - 10. Determine m(-2).
28
Let r(m) = -111*m - 1873. Determine r(-17).
14
Let f(h) = 8*h**2 - 5*h + 4. What is f(5)?
179
Let p(g) = g**2 + 8*g + 5. What is p(-11)?
38
Let k(b) = 2*b**2 - 68*b - 17. Determine k(29).
-307
Let u(g) = -3*g**2 + 65*g - 29. Give u(16).
243
Let j(q) = 45*q - 100. Determine j(5).
125
Let v(q) = 3*q**2 + 19*q - 9. What is v(-6)?
-15
Let q(c) = 2*c**2 + 242*c + 4502. Give q(-98).
-6
Let c(h) = -88*h - 6510. Calculate c(-74).
2
Let x(h) = 5*h - 11. Calculate x(-15).
-86
Let x(j) = 3652*j + 10937. What is x(-3)?
-19
Let q(j) = j**2 + 119*j + 3214. What is q(-76)?
-54
Let t(v) = -213*v + 5533. What is t(26)?
-5
Let k(z) = -z - 27. Determine k(3).
-30
Let p(y) = 15*y**2 + 124*y - 125. Give p(1)